
True
Is 355 a factor of 24843610?
True
Is 178 a factor of 315023154?
True
Is 12435670 a multiple of 1445?
True
Is 1159 a factor of 92867058?
False
Is 714395242 a multiple of 5126?
True
Does 10 divide 42529000?
True
Is 1062786001 a multiple of 904?
False
Is 140 a factor of 174984040?
True
Does 7393 divide 1355579977?
False
Is 1121456680 a multiple of 40?
True
Is 3 a factor of 24745042?
False
Does 49 divide 4406549469?
True
Is 271 a factor of 29486155?
True
Is 372 a factor of 1804572?
True
Is 1125577209 a multiple of 719?
False
Is 36623106 a multiple of 11?
False
Is 285801152 a multiple of 224?
True
Is 224232502 a multiple of 26?
True
Is 3252448 a multiple of 16?
True
Is 69627303 a multiple of 29?
False
Is 9167712 a multiple of 111?
True
Is 1005757482 a multiple of 1007?
False
Does 18 divide 2683150334?
False
Is 129 a factor of 44208945?
True
Does 78 divide 495595776?
True
Is 1829465660 a multiple of 12549?
False
Is 10104479 a multiple of 181?
False
Does 2540 divide 1453803009?
False
Is 101 a factor of 4658632?
False
Is 18603463 a multiple of 538?
False
Is 2557560 a multiple of 8?
True
Does 272 divide 41018144?
True
Does 2 divide 14221312?
True
Is 46020892 a multiple of 1483?
False
Does 61 divide 39932674?
True
Is 510594394 a multiple of 12?
False
Does 208 divide 16113968?
True
Is 415 a factor of 28932219?
False
Does 307 divide 1885644101?
False
Does 51 divide 191651107?
False
Does 1533 divide 96175821?
True
Does 421 divide 17153101?
False
Is 188502972 a multiple of 337?
True
Does 194 divide 815017840?
False
Does 42 divide 24079521?
False
Does 2162 divide 2679153454?
False
Does 12975 divide 1448840400?
True
Is 1282886 a multiple of 11?
True
Does 7697 divide 1890130996?
False
Is 426320490 a multiple of 3522?
True
Is 1059 a factor of 1260573403?
False
Does 102 divide 12490384?
False
Is 151861746 a multiple of 7914?
True
Is 2 a factor of 89274729?
False
Is 5 a factor of 323450245?
True
Does 2 divide 97800185?
False
Does 62 divide 713515778?
True
Is 280812933 a multiple of 3?
True
Is 19032696 a multiple of 8?
True
Does 24 divide 75690567?
False
Is 13256258 a multiple of 802?
True
Does 156 divide 310041108?
True
Is 189 a factor of 38202561?
False
Is 876 a factor of 1208004?
True
Does 17 divide 2030553178?
False
Is 4444 a factor of 88542256?
True
Does 161 divide 385047439?
True
Is 2913121490 a multiple of 122?
True
Does 1776 divide 50138256?
True
Does 1917 divide 33698377?
False
Is 72 a factor of 4237341?
False
Is 319524755 a multiple of 26?
False
Is 97490124 a multiple of 12?
True
Is 1788 a factor of 1266408216?
True
Is 77860530 a multiple of 1935?
True
Does 2194 divide 3737881160?
False
Does 655 divide 45340147?
False
Is 10224645 a multiple of 9?
False
Is 2549973160 a multiple of 28?
True
Is 63307610 a multiple of 2443?
False
Is 757 a factor of 6962886?
True
Does 15 divide 845377571?
False
Is 11 a factor of 52283728?
False
Is 46 a factor of 34632987?
False
Does 10 divide 81504750?
True
Is 132134161 a multiple of 1810?
False
Is 1169005478 a multiple of 2033?
False
Does 29 divide 57877358?
False
Is 51012444 a multiple of 1946?
True
Does 2091 divide 724008874?
False
Does 9 divide 110952323?
False
Does 61 divide 36796176?
True
Does 14 divide 243664428?
True
Is 155 a factor of 795696375?
True
Does 12 divide 23218471?
False
Is 1832076267 a multiple of 9051?
True
Is 61 a factor of 368767113?
False
Is 86 a factor of 16244024?
True
Is 68200496 a multiple of 62?
True
Does 2835 divide 1334034757?
False
Does 633 divide 849295467?
True
Is 4 a factor of 31596311?
False
Is 1220 a factor of 14866920?
True
Is 1349997264 a multiple of 4578?
True
Is 4 a factor of 73306492?
True
Does 387 divide 182300802?
False
Is 58479480 a multiple of 1098?
True
Is 24350271 a multiple of 2697?
False
Is 20 a factor of 2959513217?
False
Is 27548136 a multiple of 231?
True
Is 770199892 a multiple of 85?
False
Does 1142 divide 228916184?
True
Is 132 a factor of 172488888?
True
Does 3 divide 280623?
True
Does 46 divide 22721188?
False
Is 1109 a factor of 31759901?
False
Is 8592827 a multiple of 101?
False
Is 96848605 a multiple of 564?
False
Is 2721346 a multiple of 25?
False
Does 736 divide 1220288?
True
Does 28 divide 17145269?
False
Is 5 a factor of 35586495?
True
Is 1497504316 a multiple of 60?
False
Does 8 divide 34920104?
True
Is 148259731 a multiple of 10?
False
Is 1667705876 a multiple of 2858?
True
Is 143896991 a multiple of 49?
False
Does 69 divide 4243692?
False
Is 1583827386 a multiple of 19?
False
Does 7 divide 179630801?
True
Is 2452 a factor of 220599609?
False
Is 437396028 a multiple of 5518?
False
Is 48 a factor of 117528542?
False
Is 28 a factor of 7191044?
True
Is 6878 a factor of 341912258?
True
Does 426 divide 115337168?
False
Is 176915550 a multiple of 6?
True
Is 1142 a factor of 1762439?
False
Is 63060067 a multiple of 1056?
False
Is 110 a factor of 1333937726?
False
Is 13 a factor of 6937381?
False
Is 11512149 a multiple of 467?
False
Is 498 a factor of 4758686808?
True
Is 244430473 a multiple of 1129?
False
Is 1240 a factor of 128645674?
False
Is 128550666 a multiple of 13?
False
Does 812 divide 138270112?
False
Does 37 divide 340326?
True
Is 31 a factor of 5999430?
True
Is 289 a factor of 75511654?
True
Is 279628563 a multiple of 95?
False
Is 35735432 a multiple of 54?
False
Is 86587731 a multiple of 19?
True
Is 16 a factor of 182562989?
False
Does 36 divide 27419969?
False
Does 3933 divide 700468537?
False
Does 15 divide 2531188260?
True
Is 139656792 a multiple of 33?
True
Does 17 divide 35710495?
False
Does 276 divide 1182815068?
False
Is 101 a factor of 4695876?
False
Does 34 divide 2392576339?
False
Does 72 divide 131788008?
True
Does 60 divide 64988707?
False
Does 435 divide 47160525?
True
Does 2441 divide 223551662?
True
Is 26 a factor of 674201577?
False
Does 11 divide 60311933?
True
Is 1324045 a multiple of 5?
True
Is 6 a factor of 19159389?
False
Does 31 divide 653011373?
True
Is 30 a factor of 238404160?
False
Is 8 a factor of 354097779?
False
Is 3316 a factor of 204673468?
True
Does 71 divide 292066168?
True
Is 484620946 a multiple of 32?
False
Does 508 divide 422310921?
False
Does 6144 divide 846243045?
False
Is 57 a factor of 665254695?
True
Is 8254 a factor of 367170936?
True
Is 2327191903 a multiple of 86?
False
Is 5011 a factor of 204002228?
False
Is 126 a factor of 7839458?
False
Does 3726 divide 63733230?
True
Does 6 divide 9364019?
False
Is 45809484 a multiple of 71?
True
Is 7 a factor of 41698638?
False
Does 11 divide 17216528?
False
Does 38 divide 146335117?
False
Is 428652035 a multiple of 23?
True
Is 645 a factor of 1276575?
False
Is 653325164 a multiple of 622?
True
Does 21 divide 56256564?
True
Is 3262750 a multiple of 3?
False
Is 9 a factor of 5194909635?
False
Is 723042036 a multiple of 27?
False
Does 84 divide 6081274332?
True
Does 1458 divide 13727070?
True
Is 504 a factor of 787381794?
False
Is 469515064 a multiple of 332?
True
Is 73912487 a multiple of 5?
False
Is 1057304473 a multiple of 53?
True
Is 79 a factor of 60785606?
False
Is 72601178 a multiple of 2119?
True
Does 85 divide 44193710?
True
Is 45443419 a multiple of 371?
True
Is 21 a factor of 1144359825?
True
Does 5452 divide 1111482884?
True
Is 96775533 a multiple of 148?
False
Is 12 a factor of 880733213?
False
Is 18 a factor of 1869081208?
False
Is 20 a factor of 2488473620?
True
Is 58 a factor of 44651474?
True
Is 2640194752 a multiple of 460?
False
Does 2 divide 554675983?
False
Does 1164 divide 699235278?
False
Is 287775435 a multiple of 23?
False
Is 259744631 a multiple of 25?
False
Does 89 divide 1208086?
True
Is 53 a factor of 306181123?
False
Does 9 divide 13214955?
False
Is 528560844 a multiple of 892?
True
Does 503 divide 134987989?
False
Is 16 a factor of 138753772?
False
Does 501 divide 199471861?
False
Is 329080601 a multiple of 5981?
True
Is 33737457 a multiple of 13?
True
Does 177 divide 59585566?
False
Is 1863 a factor of 105192432?
True
Does 28 divide 15663048?
False
Does 7 divide 1324001?
True
Is 1186810626 a multiple of 4353?
True
Is 79806730 a multiple of 1533?
False
Does 20 divide 1849354720?
True
Does 12 divide 388254223?
False
Does 20 divide 697382546?
False
Is 50 a factor of 1961762135?
False
Is 18 a factor of 40602819?
False
Is 1395799 a multi